.
3
What is the remainder when 1620 is divided by 11?
3
What is the remainder when 38 is divided by 14?
10
Calculate the remainder when 1547 is divided by 73.
14
What is the remainder when 49 is divided by 26?
23
What is the remainder when 119 is divided by 46?
27
Calculate the remainder when 2517 is divided by 63.
60
Calculate the remainder when 128 is divided by 57.
14
Calculate the remainder when 297 is divided by 6.
3
What is the remainder when 2107 is divided by 40?
27
Calculate the remainder when 19312 is divided by 74.
72
What is the remainder when 447 is divided by 41?
37
Calculate the remainder when 391 is divided by 59.
37
Calculate the remainder when 1389 is divided by 342.
21
What is the remainder when 174 is divided by 38?
22
Calculate the remainder when 4385 is divided by 338.
329
Calculate the remainder when 457 is divided by 162.
133
What is the remainder when 599 is divided by 67?
63
What is the remainder when 268 is divided by 16?
12
Calculate the remainder when 3638 is divided by 85.
68
Calculate the remainder when 51 is divided by 45.
6
Calculate the remainder when 61 is divided by 21.
19
Calculate the remainder when 4841 is divided by 97.
88
What is the remainder when 33 is divided by 22?
11
Calculate the remainder when 648 is divided by 258.
132
What is the remainder when 47 is divided by 3?
2
Calculate the remainder when 5559 is divided by 21.
15
What is the remainder when 2733 is divided by 7?
3
What is the remainder when 2279 is divided by 57?
56
Calculate the remainder when 376 is divided by 139.
98
What is the remainder when 1155 is divided by 91?
63
What is the remainder when 251 is divided by 45?
26
Calculate the remainder when 1322 is divided by 17.
13
What is the remainder when 260 is divided by 65?
0
What is the remainder when 298 is divided by 38?
32
Calculate the remainder when 360 is divided by 177.
6
Calculate the remainder when 376 is divided by 61.
10
Calculate the remainder when 203 is divided by 118.
85
What is the remainder when 77 is divided by 36?
5
What is the remainder when 1687 is divided by 26?
23
What is the remainder when 248 is divided by 74?
26
Calculate the remainder when 2935 is divided by 8.
7
What is the remainder when 755 is divided by 71?
45
What is the remainder when 480 is divided by 254?
226
Calculate the remainder when 155 is divided by 54.
47
What is the remainder when 596 is divided by 56?
36
Calculate the remainder when 461 is divided by 165.
131
Calculate the remainder when 58 is divided by 25.
8
Calculate the remainder when 51 is divided by 19.
13
Calculate the remainder when 7978 is divided by 266.
264
Calculate the remainder when 134 is divided by 15.
14
Calculate the remainder when 164 is divided by 78.
8
What is the remainder when 9449 is divided by 135?
134
Calculate the remainder when 13365 is divided by 1909.
2
What is the remainder when 421 is divided by 163?
95
What is the remainder when 503 is divided by 101?
99
What is the remainder when 260 is divided by 260?
0
Calculate the remainder when 598 is divided by 84.
10
What is the remainder when 31 is divided by 16?
15
What is the remainder when 2068 is divided by 109?
106
What is the remainder when 57 is divided by 45?
12
What is the remainder when 150 is divided by 4?
2
What is the remainder when 649 is divided by 18?
1
Calculate the remainder when 69 is divided by 19.
12
What is the remainder when 406 is divided by 85?
66
What is the remainder when 7974 is divided by 114?
108
Calculate the remainder when 1497 is divided by 47.
40
What is the remainder when 773 is divided by 31?
29
What is the remainder when 218 is divided by 35?
8
What is the remainder when 36 is divided by 14?
8
Calculate the remainder when 2606 is divided by 87.
83
Calculate the remainder when 4027 is divided by 62.
59
What is the remainder when 979 is divided by 241?
15
Calculate the remainder when 369 is divided by 10.
9
Calculate the remainder when 212 is divided by 24.
20
What is the remainder when 1779 is divided by 328?
139
What is the remainder when 220 is divided by 50?
20
What is the remainder when 120 is divided by 41?
38
What is the remainder when 429 is divided by 109?
102
Calculate the remainder when 120 is divided by 50.
20
Calculate the remainder when 52 is divided by 38.
14
What is the remainder when 69 is divided by 14?
13
Calculate the remainder when 28 is divided by 18.
10
Calculate the remainder when 630 is divided by 28.
14
Calculate the remainder when 532 is divided by 39.
25
Calculate the remainder when 275 is divided by 40.
35
What is the remainder when 1678 is divided by 152?
6
Calculate the remainder when 481 is divided by 23.
21
What is the remainder when 332 is divided by 71?
48
Calculate the remainder when 557 is divided by 62.
61
Calculate the remainder when 51 is divided by 4.
3
What is the remainder when 154 is divided by 87?
67
What is the remainder when 89 is divided by 6?
5
What is the remainder when 505 is divided by 141?
82
What is the remainder when 521 is divided by 15?
11
What is the remainder when 190 is divided by 32?
30
Calculate the remainder when 425 is divided by 39.
35
What is the remainder when 670 is divided by 8?
6
Calculate the remainder when 43 is divided by 4.
3
Calculate the remainder when 170 is divided by 43.
41
Calculate the remainder when 246 is divided by 98.
50
Calculate the remainder when 1000 is divided by 77.
76
What is the remainder when 243 is divided by 72?
27
What is the remainder when 175 is divided by 61?
53
Calculate the remainder when 612 is divided by 106.
82
Calculate the remainder when 298 is divided by 23.
22
What is the remainder when 1961 is divided by 129?
26
Calculate the remainder when 600 is divided by 60.
0
Calculate the remainder when 286 is divided by 70.
6
What is the remainder when 281 is divided by 27?
11
Calculate the remainder when 320 is divided by 133.
54
What is the remainder when 233 is divided by 35?
23
Calculate the remainder when 22 is divided by 19.
3
What is the remainder when 425 is divided by 110?
95
What is the remainder when 4868 is divided by 12?
8
What is the remainder when 110 is divided by 19?
15
What is the remainder when 45 is divided by 18?
9
Calculate the remainder when 313 is divided by 242.
71
What is the remainder when 399 is divided by 100?
99
Calculate the remainder when 606 is divided by 87.
84
What is the remainder when 6322 is divided by 25?
22
Calculate the remainder when 1495 is divided by 11.
10
What is the remainder when 218 is divided by 60?
38
What is the remainder when 505 is divided by 23?
22
What is the remainder when 1359 is divided by 47?
43
What is the remainder when 164 is divided by 157?
7
What is the remainder when 107 is divided by 12?
11
What is the remainder when 4217 is divided by 67?
63
What is the remainder when 74 is divided by 58?
16
What is the remainder when 437 is divided by 40?
37
What is the remainder when 107 is divided by 29?
20
Calculate the remainder when 447 is divided by 56.
55
Calculate the remainder when 3749 is divided by 50.
49
Calculate the remainder when 46 is divided by 18.
10
What is the remainder when 99 is divided by 12?
3
Calculate the remainder when 308 is divided by 108.
92
What is the remainder when 534 is divided by 37?
16
What is the remainder when 57 is divided by 12?
9
Calculate the remainder when 228 is divided by 33.
30
What is the remainder when 110 is divided by 58?
52
What is the remainder when 228 is divided by 2?
0
What is the remainder when 13 is divided by 7?
6
Calculate the remainder when 3354 is divided by 9.
6
Calculate the remainder when 322 is divided by 95.
37
What is the remainder when 1988 is divided by 662?
2
What is the remainder when 48 is divided by 7?
6
What is the remainder when 103 is divided by 27?
22
What is the remainder when 87 is divided by 72?
15
Calculate the remainder when 88 is divided by 14.
4
What is the remainder when 235 is divided by 49?
39
What is the remainder when 430 is divided by 24?
22
Calculate the remainder when 409 is divided by 60.
49
What is the remainder when 83 is divided by 20?
3
What is the remainder when 331 is divided by 17?
8
Calculate the remainder when 108 is divided by 65.
43
Calculate the remainder when 905 is divided b